{"id":200,"date":"2020-02-06T15:40:21","date_gmt":"2020-02-06T14:40:21","guid":{"rendered":"http:\/\/www.prodezza.fr\/lesite\/?page_id=200"},"modified":"2025-06-24T14:24:10","modified_gmt":"2025-06-24T12:24:10","slug":"infos-pratiques","status":"publish","type":"page","link":"https:\/\/www.prodezza.fr\/lesite\/infos-pratiques\/","title":{"rendered":"contacts Prodezza"},"content":{"rendered":"<p>[et_pb_section fb_built=\u00a0\u00bb1&Prime; admin_label=\u00a0\u00bbtitre et infos acc\u00e8s\u00a0\u00bb _builder_version=\u00a0\u00bb4.16&Prime; background_color=\u00a0\u00bb#003dff\u00a0\u00bb custom_margin=\u00a0\u00bb0px||||false|false\u00a0\u00bb custom_padding=\u00a0\u00bb0px||20px||false|false\u00a0\u00bb da_disable_devices=\u00a0\u00bboff|off|off\u00a0\u00bb collapsed=\u00a0\u00bboff\u00a0\u00bb global_colors_info=\u00a0\u00bb{}\u00a0\u00bb da_is_popup=\u00a0\u00bboff\u00a0\u00bb da_exit_intent=\u00a0\u00bboff\u00a0\u00bb da_has_close=\u00a0\u00bbon\u00a0\u00bb da_alt_close=\u00a0\u00bboff\u00a0\u00bb da_dark_close=\u00a0\u00bboff\u00a0\u00bb da_not_modal=\u00a0\u00bbon\u00a0\u00bb da_is_singular=\u00a0\u00bboff\u00a0\u00bb da_with_loader=\u00a0\u00bboff\u00a0\u00bb da_has_shadow=\u00a0\u00bbon\u00a0\u00bb][et_pb_row _builder_version=\u00a0\u00bb4.16&Prime; custom_padding=\u00a0\u00bb||0px||false|false\u00a0\u00bb collapsed=\u00a0\u00bbon\u00a0\u00bb global_colors_info=\u00a0\u00bb{}\u00a0\u00bb][et_pb_column type=\u00a0\u00bb4_4&Prime; _builder_version=\u00a0\u00bb4.16&Prime; global_colors_info=\u00a0\u00bb{}\u00a0\u00bb][et_pb_post_title meta=\u00a0\u00bboff\u00a0\u00bb featured_image=\u00a0\u00bboff\u00a0\u00bb admin_label=\u00a0\u00bbTitre contacts\u00a0\u00bb module_class=\u00a0\u00bbh1titreFG\u00a0\u00bb _builder_version=\u00a0\u00bb4.16&Prime; title_text_align=\u00a0\u00bbleft\u00a0\u00bb title_text_color=\u00a0\u00bb#FFFFFF\u00a0\u00bb title_font_size=\u00a0\u00bb40px\u00a0\u00bb title_font_size_tablet=\u00a0\u00bb32px\u00a0\u00bb title_font_size_phone=\u00a0\u00bb25px\u00a0\u00bb title_font_size_last_edited=\u00a0\u00bbon|phone\u00a0\u00bb global_colors_info=\u00a0\u00bb{}\u00a0\u00bb][\/et_pb_post_title][\/et_pb_column][\/et_pb_row][\/et_pb_section][et_pb_section fb_built=\u00a0\u00bb1&Prime; fullwidth=\u00a0\u00bbon\u00a0\u00bb admin_label=\u00a0\u00bbcarte plein \u00e9cran\u00a0\u00bb _builder_version=\u00a0\u00bb4.16&Prime; module_alignment=\u00a0\u00bbcenter\u00a0\u00bb da_disable_devices=\u00a0\u00bboff|off|off\u00a0\u00bb collapsed=\u00a0\u00bboff\u00a0\u00bb global_colors_info=\u00a0\u00bb{}\u00a0\u00bb da_is_popup=\u00a0\u00bboff\u00a0\u00bb da_exit_intent=\u00a0\u00bboff\u00a0\u00bb da_has_close=\u00a0\u00bbon\u00a0\u00bb da_alt_close=\u00a0\u00bboff\u00a0\u00bb da_dark_close=\u00a0\u00bboff\u00a0\u00bb da_not_modal=\u00a0\u00bbon\u00a0\u00bb da_is_singular=\u00a0\u00bboff\u00a0\u00bb da_with_loader=\u00a0\u00bboff\u00a0\u00bb da_has_shadow=\u00a0\u00bbon\u00a0\u00bb][et_pb_fullwidth_image src=\u00a0\u00bbhttps:\/\/www.prodezza.fr\/lesite\/wp-content\/uploads\/2020\/09\/carte-acces-prodezza-lyon-1800&#215;360-1.jpg\u00a0\u00bb alt=\u00a0\u00bbCarte d&rsquo;acc\u00e8s \u00e0 Prodezza Lyon &#8211; Saint-Priest\u00a0\u00bb title_text=\u00a0\u00bbVoir l&rsquo;acc\u00e8s sur google map\u00a0\u00bb url=\u00a0\u00bbhttps:\/\/www.google.com\/maps\/d\/edit?mid=1fqc4jpuUMwjudC6pAghWBHFweqRuaKT2&#038;usp=sharing\u00a0\u00bb url_new_window=\u00a0\u00bbon\u00a0\u00bb admin_label=\u00a0\u00bbcarte en plein \u00e9cran\u00a0\u00bb _builder_version=\u00a0\u00bb4.16&Prime; global_colors_info=\u00a0\u00bb{}\u00a0\u00bb][\/et_pb_fullwidth_image][\/et_pb_section][et_pb_section fb_built=\u00a0\u00bb1&Prime; admin_label=\u00a0\u00bbtitre et infos acc\u00e8s\u00a0\u00bb _builder_version=\u00a0\u00bb4.16&Prime; background_color=\u00a0\u00bb#003dff\u00a0\u00bb custom_margin=\u00a0\u00bb0px||||false|false\u00a0\u00bb custom_padding=\u00a0\u00bb0px||||false|false\u00a0\u00bb da_disable_devices=\u00a0\u00bboff|off|off\u00a0\u00bb collapsed=\u00a0\u00bboff\u00a0\u00bb global_colors_info=\u00a0\u00bb{}\u00a0\u00bb da_is_popup=\u00a0\u00bboff\u00a0\u00bb da_exit_intent=\u00a0\u00bboff\u00a0\u00bb da_has_close=\u00a0\u00bbon\u00a0\u00bb da_alt_close=\u00a0\u00bboff\u00a0\u00bb da_dark_close=\u00a0\u00bboff\u00a0\u00bb da_not_modal=\u00a0\u00bbon\u00a0\u00bb da_is_singular=\u00a0\u00bboff\u00a0\u00bb da_with_loader=\u00a0\u00bboff\u00a0\u00bb da_has_shadow=\u00a0\u00bbon\u00a0\u00bb][et_pb_row _builder_version=\u00a0\u00bb4.16&Prime; custom_padding=\u00a0\u00bb||0px||false|false\u00a0\u00bb collapsed=\u00a0\u00bboff\u00a0\u00bb global_colors_info=\u00a0\u00bb{}\u00a0\u00bb][et_pb_column type=\u00a0\u00bb4_4&Prime; _builder_version=\u00a0\u00bb4.16&Prime; global_colors_info=\u00a0\u00bb{}\u00a0\u00bb][et_pb_text admin_label=\u00a0\u00bbInfos pratiques\u00a0\u00bb _builder_version=\u00a0\u00bb4.16&Prime; _module_preset=\u00a0\u00bbdefault\u00a0\u00bb header_2_text_color=\u00a0\u00bb#FFFFFF\u00a0\u00bb global_colors_info=\u00a0\u00bb{}\u00a0\u00bb]<\/p>\n<h2>Infos pratiques<\/h2>\n<p>[\/et_pb_text][\/et_pb_column][\/et_pb_row][et_pb_row column_structure=\u00a0\u00bb1_3,1_3,1_3&Prime; use_custom_gutter=\u00a0\u00bbon\u00a0\u00bb make_equal=\u00a0\u00bbon\u00a0\u00bb _builder_version=\u00a0\u00bb4.16&Prime; border_width_bottom=\u00a0\u00bb1px\u00a0\u00bb border_color_bottom=\u00a0\u00bb#ffffff\u00a0\u00bb global_colors_info=\u00a0\u00bb{}\u00a0\u00bb][et_pb_column type=\u00a0\u00bb1_3&Prime; _builder_version=\u00a0\u00bb4.16&Prime; global_colors_info=\u00a0\u00bb{}\u00a0\u00bb][et_pb_text admin_label=\u00a0\u00bbAdresse de livraison\u00a0\u00bb _builder_version=\u00a0\u00bb4.16&Prime; text_text_color=\u00a0\u00bb#ffffff\u00a0\u00bb header_3_font=\u00a0\u00bb||||||||\u00a0\u00bb header_3_text_color=\u00a0\u00bb#ffffff\u00a0\u00bb header_3_font_size=\u00a0\u00bb21px\u00a0\u00bb header_4_font=\u00a0\u00bb||||||||\u00a0\u00bb header_4_text_color=\u00a0\u00bb#ffffff\u00a0\u00bb header_4_font_size=\u00a0\u00bb21px\u00a0\u00bb custom_margin=\u00a0\u00bb||0px||false|false\u00a0\u00bb custom_padding=\u00a0\u00bb||10px||false|false\u00a0\u00bb border_color_bottom=\u00a0\u00bb#ffffff\u00a0\u00bb global_colors_info=\u00a0\u00bb{}\u00a0\u00bb]<\/p>\n<h3 data-mce-fragment=\"1\">Adresse de livraison :<\/h3>\n<ul>\n<li data-mce-fragment=\"1\"><strong>PARC AKTILAND \u2013 PRODEZZA<\/strong> \u2013 E1<br \/>1, Rue de Lombardie<br \/>69800 Saint Priest<\/li>\n<li data-mce-fragment=\"1\"><strong>Coordonn\u00e9es GPS :<\/strong> 45.712986, 4.954515\u200b<\/li>\n<\/ul>\n<p>[\/et_pb_text][et_pb_image src=\u00a0\u00bbhttps:\/\/www.prodezza.fr\/lesite\/wp-content\/uploads\/2020\/08\/plan-park-saint-Priest-003dff.jpg\u00a0\u00bb title_text=\u00a0\u00bbplan-park-saint-Priest-003dff\u00a0\u00bb show_in_lightbox=\u00a0\u00bbon\u00a0\u00bb _builder_version=\u00a0\u00bb4.16&Prime; global_colors_info=\u00a0\u00bb{}\u00a0\u00bb][\/et_pb_image][\/et_pb_column][et_pb_column type=\u00a0\u00bb1_3&Prime; _builder_version=\u00a0\u00bb4.16&Prime; global_colors_info=\u00a0\u00bb{}\u00a0\u00bb][et_pb_text admin_label=\u00a0\u00bbHoraires\u00a0\u00bb _builder_version=\u00a0\u00bb4.16&Prime; text_text_color=\u00a0\u00bb#ffffff\u00a0\u00bb header_3_font=\u00a0\u00bb||||||||\u00a0\u00bb header_3_text_color=\u00a0\u00bb#ffffff\u00a0\u00bb header_3_font_size=\u00a0\u00bb21px\u00a0\u00bb header_4_font=\u00a0\u00bbDIn regular|||||on|||\u00a0\u00bb header_4_text_color=\u00a0\u00bb#ffffff\u00a0\u00bb header_4_font_size=\u00a0\u00bb16px\u00a0\u00bb custom_padding=\u00a0\u00bb||30px||false|false\u00a0\u00bb border_color_bottom=\u00a0\u00bb#ffffff\u00a0\u00bb global_colors_info=\u00a0\u00bb{}\u00a0\u00bb]<\/p>\n<h3>Horaires de livraison :<\/h3>\n<ul>\n<li>Du lundi au jeudi<br \/>De 9h00 \u00e0 12h30 &amp; de 14h00 \u00e0 18h00<\/li>\n<li>Le vendredi :<br \/>De 9h00 \u00e0 12h30 &amp; de 14h00 \u00e0 17h00<\/li>\n<\/ul>\n<h4>POUR TOUTE COMMANDE INTERNET\u00a0:<\/h4>\n<p>Pas de prise de rendez-vous. Merci de respecter les horaires de livraison indiqu\u00e9es.<\/p>\n<p>[\/et_pb_text][\/et_pb_column][et_pb_column type=\u00a0\u00bb1_3&Prime; _builder_version=\u00a0\u00bb4.16&Prime; global_colors_info=\u00a0\u00bb{}\u00a0\u00bb][et_pb_text admin_label=\u00a0\u00bbContact\u00a0\u00bb module_class=\u00a0\u00bbh3accesFG\u00a0\u00bb _builder_version=\u00a0\u00bb4.19.4&Prime; text_text_color=\u00a0\u00bb#ffffff\u00a0\u00bb header_3_font=\u00a0\u00bb||||||||\u00a0\u00bb header_3_text_color=\u00a0\u00bb#ffffff\u00a0\u00bb header_3_font_size=\u00a0\u00bb21px\u00a0\u00bb header_4_font=\u00a0\u00bbDIn regular|||||on|||\u00a0\u00bb header_4_text_color=\u00a0\u00bb#ffffff\u00a0\u00bb header_4_font_size=\u00a0\u00bb16px\u00a0\u00bb custom_padding=\u00a0\u00bb||30px||false|false\u00a0\u00bb border_color_bottom=\u00a0\u00bb#ffffff\u00a0\u00bb global_colors_info=\u00a0\u00bb{}\u00a0\u00bb]<\/p>\n<h4>POUR TOUTE AUTRE LIVRAISON :<\/h4>\n<p>Une prise de rendez-vous est OBLIGATOIRE 48H AVANT la livraison.<\/p>\n<h3>Contact pour prise de RDV :<\/h3>\n<ul>\n<li><strong>Mr Giordano Frank<\/strong><br \/>Responsable Logistique 06 80 32 06\u00a037<\/li>\n<\/ul>\n<p>[\/et_pb_text][\/et_pb_column][\/et_pb_row][\/et_pb_section][et_pb_section fb_built=\u00a0\u00bb1&Prime; admin_label=\u00a0\u00bbpanoramic\u00a0\u00bb _builder_version=\u00a0\u00bb4.16&Prime; background_image=\u00a0\u00bbhttps:\/\/www.prodezza.fr\/lesite\/wp-content\/uploads\/2020\/09\/panoramique-prodezza1800x650.jpg\u00a0\u00bb parallax=\u00a0\u00bbon\u00a0\u00bb width=\u00a0\u00bb100%\u00a0\u00bb module_alignment=\u00a0\u00bbcenter\u00a0\u00bb max_height=\u00a0\u00bb420px\u00a0\u00bb custom_padding=\u00a0\u00bb0px||||false|false\u00a0\u00bb da_disable_devices=\u00a0\u00bboff|off|off\u00a0\u00bb collapsed=\u00a0\u00bboff\u00a0\u00bb global_colors_info=\u00a0\u00bb{}\u00a0\u00bb da_is_popup=\u00a0\u00bboff\u00a0\u00bb da_exit_intent=\u00a0\u00bboff\u00a0\u00bb da_has_close=\u00a0\u00bbon\u00a0\u00bb da_alt_close=\u00a0\u00bboff\u00a0\u00bb da_dark_close=\u00a0\u00bboff\u00a0\u00bb da_not_modal=\u00a0\u00bbon\u00a0\u00bb da_is_singular=\u00a0\u00bboff\u00a0\u00bb da_with_loader=\u00a0\u00bboff\u00a0\u00bb da_has_shadow=\u00a0\u00bbon\u00a0\u00bb][et_pb_row _builder_version=\u00a0\u00bb4.16&Prime; background_enable_image=\u00a0\u00bboff\u00a0\u00bb width=\u00a0\u00bb100%\u00a0\u00bb max_width=\u00a0\u00bb2400px\u00a0\u00bb min_height=\u00a0\u00bb550px\u00a0\u00bb custom_padding=\u00a0\u00bb0px||||false|false\u00a0\u00bb global_colors_info=\u00a0\u00bb{}\u00a0\u00bb][et_pb_column type=\u00a0\u00bb4_4&Prime; _builder_version=\u00a0\u00bb4.16&Prime; global_colors_info=\u00a0\u00bb{}\u00a0\u00bb][et_pb_image title_text=\u00a0\u00bbpanoramique-prodezza\u00a0\u00bb align=\u00a0\u00bbcenter\u00a0\u00bb force_fullwidth=\u00a0\u00bbon\u00a0\u00bb _builder_version=\u00a0\u00bb4.16&Prime; background_enable_image=\u00a0\u00bboff\u00a0\u00bb global_colors_info=\u00a0\u00bb{}\u00a0\u00bb][\/et_pb_image][\/et_pb_column][\/et_pb_row][\/et_pb_section]<\/p>\n","protected":false},"excerpt":{"rendered":"<p>Infos pratiquesAdresse de livraison : PARC AKTILAND \u2013 PRODEZZA \u2013 E11, Rue de Lombardie69800 Saint Priest Coordonn\u00e9es GPS : 45.712986, 4.954515\u200b Horaires de livraison : Du lundi au jeudiDe 9h00 \u00e0 12h30 &amp; de 14h00 \u00e0 18h00 Le vendredi :De 9h00 \u00e0 12h30 &amp; de 14h00 \u00e0 17h00 POUR TOUTE COMMANDE INTERNET\u00a0: Pas de prise [&hellip;]<\/p>\n","protected":false},"author":1,"featured_media":31507,"parent":0,"menu_order":0,"comment_status":"closed","ping_status":"closed","template":"","meta":{"_et_pb_use_builder":"on","_et_pb_old_content":"<h1><strong>><\/strong> titre 1<\/h1><h2><strong>><\/strong> titre 2<\/h2><h3><strong>><\/strong> titre 3<\/h3><h4><strong>><\/strong> titre 4<\/h4><h5><strong>><\/strong> titre 5<\/h5><h1><strong>><\/strong> Creative design agency<\/h1>","_et_gb_content_width":"","_monsterinsights_skip_tracking":false,"_monsterinsights_sitenote_active":false,"_monsterinsights_sitenote_note":"","_monsterinsights_sitenote_category":0,"footnotes":""},"class_list":["post-200","page","type-page","status-publish","has-post-thumbnail","hentry"],"yoast_head":"<!-- This site is optimized with the Yoast SEO plugin v27.3 - https:\/\/yoast.com\/product\/yoast-seo-wordpress\/ -->\n<title>contacts Prodezza - Prodezza<\/title>\n<meta name=\"description\" content=\"Prestataire technique et logistique depuis plus de 10 ans \u00e0 Paris et \u00e0 Lyon, PRODEZZA vous propose les solutions de conception, de fabrication et d\u2019activation terrain des dispositifs \u00e9v\u00e9nementiels que vous avez imagin\u00e9s, Grand Public ou BtoB.\" \/>\n<meta name=\"robots\" content=\"index, follow, max-snippet:-1, max-image-preview:large, max-video-preview:-1\" \/>\n<link rel=\"canonical\" href=\"https:\/\/www.prodezza.fr\/lesite\/infos-pratiques\/\" \/>\n<meta property=\"og:locale\" content=\"fr_FR\" \/>\n<meta property=\"og:type\" content=\"article\" \/>\n<meta property=\"og:title\" content=\"contacts Prodezza - Prodezza\" \/>\n<meta property=\"og:description\" content=\"Prestataire technique et logistique depuis plus de 10 ans \u00e0 Paris et \u00e0 Lyon, PRODEZZA vous propose les solutions de conception, de fabrication et d\u2019activation terrain des dispositifs \u00e9v\u00e9nementiels que vous avez imagin\u00e9s, Grand Public ou BtoB.\" \/>\n<meta property=\"og:url\" content=\"https:\/\/www.prodezza.fr\/lesite\/infos-pratiques\/\" \/>\n<meta property=\"og:site_name\" content=\"Prodezza\" \/>\n<meta property=\"article:modified_time\" content=\"2025-06-24T12:24:10+00:00\" \/>\n<meta property=\"og:image\" content=\"https:\/\/www.prodezza.fr\/lesite\/wp-content\/uploads\/2020\/10\/logo-prodezza-bleu-3.jpg\" \/>\n\t<meta property=\"og:image:width\" content=\"480\" \/>\n\t<meta property=\"og:image:height\" content=\"300\" \/>\n\t<meta property=\"og:image:type\" content=\"image\/jpeg\" \/>\n<meta name=\"twitter:card\" content=\"summary_large_image\" \/>\n<meta name=\"twitter:label1\" content=\"Dur\u00e9e de lecture estim\u00e9e\" \/>\n\t<meta name=\"twitter:data1\" content=\"5 minutes\" \/>\n<script type=\"application\/ld+json\" class=\"yoast-schema-graph\">{\"@context\":\"https:\\\/\\\/schema.org\",\"@graph\":[{\"@type\":\"WebPage\",\"@id\":\"https:\\\/\\\/www.prodezza.fr\\\/lesite\\\/infos-pratiques\\\/\",\"url\":\"https:\\\/\\\/www.prodezza.fr\\\/lesite\\\/infos-pratiques\\\/\",\"name\":\"contacts Prodezza - Prodezza\",\"isPartOf\":{\"@id\":\"https:\\\/\\\/www.prodezza.fr\\\/lesite\\\/#website\"},\"primaryImageOfPage\":{\"@id\":\"https:\\\/\\\/www.prodezza.fr\\\/lesite\\\/infos-pratiques\\\/#primaryimage\"},\"image\":{\"@id\":\"https:\\\/\\\/www.prodezza.fr\\\/lesite\\\/infos-pratiques\\\/#primaryimage\"},\"thumbnailUrl\":\"https:\\\/\\\/www.prodezza.fr\\\/lesite\\\/wp-content\\\/uploads\\\/2020\\\/10\\\/logo-prodezza-bleu-3.jpg\",\"datePublished\":\"2020-02-06T14:40:21+00:00\",\"dateModified\":\"2025-06-24T12:24:10+00:00\",\"description\":\"Prestataire technique et logistique depuis plus de 10 ans \u00e0 Paris et \u00e0 Lyon, PRODEZZA vous propose les solutions de conception, de fabrication et d\u2019activation terrain des dispositifs \u00e9v\u00e9nementiels que vous avez imagin\u00e9s, Grand Public ou BtoB.\",\"breadcrumb\":{\"@id\":\"https:\\\/\\\/www.prodezza.fr\\\/lesite\\\/infos-pratiques\\\/#breadcrumb\"},\"inLanguage\":\"fr-FR\",\"potentialAction\":[{\"@type\":\"ReadAction\",\"target\":[\"https:\\\/\\\/www.prodezza.fr\\\/lesite\\\/infos-pratiques\\\/\"]}]},{\"@type\":\"ImageObject\",\"inLanguage\":\"fr-FR\",\"@id\":\"https:\\\/\\\/www.prodezza.fr\\\/lesite\\\/infos-pratiques\\\/#primaryimage\",\"url\":\"https:\\\/\\\/www.prodezza.fr\\\/lesite\\\/wp-content\\\/uploads\\\/2020\\\/10\\\/logo-prodezza-bleu-3.jpg\",\"contentUrl\":\"https:\\\/\\\/www.prodezza.fr\\\/lesite\\\/wp-content\\\/uploads\\\/2020\\\/10\\\/logo-prodezza-bleu-3.jpg\",\"width\":480,\"height\":300},{\"@type\":\"BreadcrumbList\",\"@id\":\"https:\\\/\\\/www.prodezza.fr\\\/lesite\\\/infos-pratiques\\\/#breadcrumb\",\"itemListElement\":[{\"@type\":\"ListItem\",\"position\":1,\"name\":\"Accueil\",\"item\":\"https:\\\/\\\/www.prodezza.fr\\\/lesite\\\/\"},{\"@type\":\"ListItem\",\"position\":2,\"name\":\"contacts Prodezza\"}]},{\"@type\":\"WebSite\",\"@id\":\"https:\\\/\\\/www.prodezza.fr\\\/lesite\\\/#website\",\"url\":\"https:\\\/\\\/www.prodezza.fr\\\/lesite\\\/\",\"name\":\"Prodezza\",\"description\":\"Conception, fabrication, logistique &amp; r\u00e9gie \u00e9v\u00e9nementielle\",\"potentialAction\":[{\"@type\":\"SearchAction\",\"target\":{\"@type\":\"EntryPoint\",\"urlTemplate\":\"https:\\\/\\\/www.prodezza.fr\\\/lesite\\\/?s={search_term_string}\"},\"query-input\":{\"@type\":\"PropertyValueSpecification\",\"valueRequired\":true,\"valueName\":\"search_term_string\"}}],\"inLanguage\":\"fr-FR\"}]}<\/script>\n<!-- \/ Yoast SEO plugin. -->","yoast_head_json":{"title":"contacts Prodezza - Prodezza","description":"Prestataire technique et logistique depuis plus de 10 ans \u00e0 Paris et \u00e0 Lyon, PRODEZZA vous propose les solutions de conception, de fabrication et d\u2019activation terrain des dispositifs \u00e9v\u00e9nementiels que vous avez imagin\u00e9s, Grand Public ou BtoB.","robots":{"index":"index","follow":"follow","max-snippet":"max-snippet:-1","max-image-preview":"max-image-preview:large","max-video-preview":"max-video-preview:-1"},"canonical":"https:\/\/www.prodezza.fr\/lesite\/infos-pratiques\/","og_locale":"fr_FR","og_type":"article","og_title":"contacts Prodezza - Prodezza","og_description":"Prestataire technique et logistique depuis plus de 10 ans \u00e0 Paris et \u00e0 Lyon, PRODEZZA vous propose les solutions de conception, de fabrication et d\u2019activation terrain des dispositifs \u00e9v\u00e9nementiels que vous avez imagin\u00e9s, Grand Public ou BtoB.","og_url":"https:\/\/www.prodezza.fr\/lesite\/infos-pratiques\/","og_site_name":"Prodezza","article_modified_time":"2025-06-24T12:24:10+00:00","og_image":[{"width":480,"height":300,"url":"https:\/\/www.prodezza.fr\/lesite\/wp-content\/uploads\/2020\/10\/logo-prodezza-bleu-3.jpg","type":"image\/jpeg"}],"twitter_card":"summary_large_image","twitter_misc":{"Dur\u00e9e de lecture estim\u00e9e":"5 minutes"},"schema":{"@context":"https:\/\/schema.org","@graph":[{"@type":"WebPage","@id":"https:\/\/www.prodezza.fr\/lesite\/infos-pratiques\/","url":"https:\/\/www.prodezza.fr\/lesite\/infos-pratiques\/","name":"contacts Prodezza - Prodezza","isPartOf":{"@id":"https:\/\/www.prodezza.fr\/lesite\/#website"},"primaryImageOfPage":{"@id":"https:\/\/www.prodezza.fr\/lesite\/infos-pratiques\/#primaryimage"},"image":{"@id":"https:\/\/www.prodezza.fr\/lesite\/infos-pratiques\/#primaryimage"},"thumbnailUrl":"https:\/\/www.prodezza.fr\/lesite\/wp-content\/uploads\/2020\/10\/logo-prodezza-bleu-3.jpg","datePublished":"2020-02-06T14:40:21+00:00","dateModified":"2025-06-24T12:24:10+00:00","description":"Prestataire technique et logistique depuis plus de 10 ans \u00e0 Paris et \u00e0 Lyon, PRODEZZA vous propose les solutions de conception, de fabrication et d\u2019activation terrain des dispositifs \u00e9v\u00e9nementiels que vous avez imagin\u00e9s, Grand Public ou BtoB.","breadcrumb":{"@id":"https:\/\/www.prodezza.fr\/lesite\/infos-pratiques\/#breadcrumb"},"inLanguage":"fr-FR","potentialAction":[{"@type":"ReadAction","target":["https:\/\/www.prodezza.fr\/lesite\/infos-pratiques\/"]}]},{"@type":"ImageObject","inLanguage":"fr-FR","@id":"https:\/\/www.prodezza.fr\/lesite\/infos-pratiques\/#primaryimage","url":"https:\/\/www.prodezza.fr\/lesite\/wp-content\/uploads\/2020\/10\/logo-prodezza-bleu-3.jpg","contentUrl":"https:\/\/www.prodezza.fr\/lesite\/wp-content\/uploads\/2020\/10\/logo-prodezza-bleu-3.jpg","width":480,"height":300},{"@type":"BreadcrumbList","@id":"https:\/\/www.prodezza.fr\/lesite\/infos-pratiques\/#breadcrumb","itemListElement":[{"@type":"ListItem","position":1,"name":"Accueil","item":"https:\/\/www.prodezza.fr\/lesite\/"},{"@type":"ListItem","position":2,"name":"contacts Prodezza"}]},{"@type":"WebSite","@id":"https:\/\/www.prodezza.fr\/lesite\/#website","url":"https:\/\/www.prodezza.fr\/lesite\/","name":"Prodezza","description":"Conception, fabrication, logistique &amp; r\u00e9gie \u00e9v\u00e9nementielle","potentialAction":[{"@type":"SearchAction","target":{"@type":"EntryPoint","urlTemplate":"https:\/\/www.prodezza.fr\/lesite\/?s={search_term_string}"},"query-input":{"@type":"PropertyValueSpecification","valueRequired":true,"valueName":"search_term_string"}}],"inLanguage":"fr-FR"}]}},"_links":{"self":[{"href":"https:\/\/www.prodezza.fr\/lesite\/wp-json\/wp\/v2\/pages\/200","targetHints":{"allow":["GET"]}}],"collection":[{"href":"https:\/\/www.prodezza.fr\/lesite\/wp-json\/wp\/v2\/pages"}],"about":[{"href":"https:\/\/www.prodezza.fr\/lesite\/wp-json\/wp\/v2\/types\/page"}],"author":[{"embeddable":true,"href":"https:\/\/www.prodezza.fr\/lesite\/wp-json\/wp\/v2\/users\/1"}],"replies":[{"embeddable":true,"href":"https:\/\/www.prodezza.fr\/lesite\/wp-json\/wp\/v2\/comments?post=200"}],"version-history":[{"count":2,"href":"https:\/\/www.prodezza.fr\/lesite\/wp-json\/wp\/v2\/pages\/200\/revisions"}],"predecessor-version":[{"id":34121,"href":"https:\/\/www.prodezza.fr\/lesite\/wp-json\/wp\/v2\/pages\/200\/revisions\/34121"}],"wp:featuredmedia":[{"embeddable":true,"href":"https:\/\/www.prodezza.fr\/lesite\/wp-json\/wp\/v2\/media\/31507"}],"wp:attachment":[{"href":"https:\/\/www.prodezza.fr\/lesite\/wp-json\/wp\/v2\/media?parent=200"}],"curies":[{"name":"wp","href":"https:\/\/api.w.org\/{rel}","templated":true}]}}