{"id":32008,"date":"2021-09-14T14:26:53","date_gmt":"2021-09-14T12:26:53","guid":{"rendered":"http:\/\/monsieurg.com\/Clone-Prodezza\/?page_id=32008"},"modified":"2021-10-18T17:24:46","modified_gmt":"2021-10-18T15:24:46","slug":"toute-lactu-de-prodezza","status":"publish","type":"page","link":"https:\/\/www.prodezza.fr\/lesite\/toute-lactu-de-prodezza\/","title":{"rendered":"toute l&rsquo;actu de Prodezza"},"content":{"rendered":"<p>[et_pb_section fb_built=\u00a0\u00bb1&Prime; _builder_version=\u00a0\u00bb4.6.5&Prime; _module_preset=\u00a0\u00bbdefault\u00a0\u00bb da_disable_devices=\u00a0\u00bboff|off|off\u00a0\u00bb global_colors_info=\u00a0\u00bb{}\u00a0\u00bb da_is_popup=\u00a0\u00bboff\u00a0\u00bb da_exit_intent=\u00a0\u00bboff\u00a0\u00bb da_has_close=\u00a0\u00bbon\u00a0\u00bb da_alt_close=\u00a0\u00bboff\u00a0\u00bb da_dark_close=\u00a0\u00bboff\u00a0\u00bb da_not_modal=\u00a0\u00bbon\u00a0\u00bb da_is_singular=\u00a0\u00bboff\u00a0\u00bb da_with_loader=\u00a0\u00bboff\u00a0\u00bb da_has_shadow=\u00a0\u00bbon\u00a0\u00bb][et_pb_row _builder_version=\u00a0\u00bb4.6.5&Prime; _module_preset=\u00a0\u00bbdefault\u00a0\u00bb width=\u00a0\u00bb100%\u00a0\u00bb global_colors_info=\u00a0\u00bb{}\u00a0\u00bb][et_pb_column type=\u00a0\u00bb4_4&Prime; _builder_version=\u00a0\u00bb4.6.5&Prime; _module_preset=\u00a0\u00bbdefault\u00a0\u00bb global_colors_info=\u00a0\u00bb{}\u00a0\u00bb][et_pb_post_title meta=\u00a0\u00bboff\u00a0\u00bb featured_image=\u00a0\u00bboff\u00a0\u00bb module_class=\u00a0\u00bbh1titreFG\u00a0\u00bb _builder_version=\u00a0\u00bb4.6.5&Prime; _module_preset=\u00a0\u00bbdefault\u00a0\u00bb title_font=\u00a0\u00bb|800|||||||\u00a0\u00bb title_text_align=\u00a0\u00bbleft\u00a0\u00bb title_text_color=\u00a0\u00bb#003dff\u00a0\u00bb title_font_size=\u00a0\u00bb40px\u00a0\u00bb title_letter_spacing=\u00a0\u00bb0.5px\u00a0\u00bb title_line_height=\u00a0\u00bb1.3em\u00a0\u00bb module_alignment=\u00a0\u00bbleft\u00a0\u00bb title_font_size_tablet=\u00a0\u00bb32px\u00a0\u00bb title_font_size_phone=\u00a0\u00bb25px\u00a0\u00bb title_font_size_last_edited=\u00a0\u00bbon|desktop\u00a0\u00bb global_colors_info=\u00a0\u00bb{}\u00a0\u00bb][\/et_pb_post_title][et_pb_blog_extras posts_number=\u00a0\u00bb8&Prime; blog_layout=\u00a0\u00bbmasonry\u00a0\u00bb masonry_layout=\u00a0\u00bbblock_extended\u00a0\u00bb column_spacing=\u00a0\u00bb50px\u00a0\u00bb meta_date=\u00a0\u00bbj M Y\u00a0\u00bb featured_image_size=\u00a0\u00bbmedium\u00a0\u00bb use_overlay=\u00a0\u00bbon\u00a0\u00bb overlay_icon_color=\u00a0\u00bb#003dff\u00a0\u00bb hover_overlay_color=\u00a0\u00bbrgba(255,255,255,0.4)\u00a0\u00bb hover_icon=\u00a0\u00bb%%200%%\u00a0\u00bb excerpt_length=\u00a0\u00bb240&Prime; read_more_text=\u00a0\u00bbLire la suite\u00a0\u00bb show_author=\u00a0\u00bboff\u00a0\u00bb show_date=\u00a0\u00bboff\u00a0\u00bb category_background_color=\u00a0\u00bb#003dff\u00a0\u00bb show_comments=\u00a0\u00bboff\u00a0\u00bb show_read_time=\u00a0\u00bbon\u00a0\u00bb read_time_text=\u00a0\u00bbmin. de lecture (estimation)\u00a0\u00bb show_load_more=\u00a0\u00bbon\u00a0\u00bb load_more_text=\u00a0\u00bbEn voir +\u00a0\u00bb show_less_text=\u00a0\u00bbEn voir &#8211;\u00a0\u00bb admin_label=\u00a0\u00bbLe blog complet\u00a0\u00bb masonry_columns_tablet=\u00a0\u00bb2&Prime; masonry_columns_phone=\u00a0\u00bb1&Prime; masonry_columns_last_edited=\u00a0\u00bbon|phone\u00a0\u00bb _builder_version=\u00a0\u00bb4.11.3&Prime; _module_preset=\u00a0\u00bbdefault\u00a0\u00bb header_line_height=\u00a0\u00bb1.3em\u00a0\u00bb meta_font_size=\u00a0\u00bb15px\u00a0\u00bb meta_line_height=\u00a0\u00bb1em\u00a0\u00bb custom_css_title=\u00a0\u00bbborder-bottom: 2px solid #003dff !important;\u00a0\u00bb border_width_all=\u00a0\u00bb1px\u00a0\u00bb border_color_all=\u00a0\u00bb#dedede\u00a0\u00bb box_shadow_style=\u00a0\u00bbpreset3&Prime; box_shadow_vertical=\u00a0\u00bb16px\u00a0\u00bb box_shadow_blur=\u00a0\u00bb10px\u00a0\u00bb box_shadow_spread=\u00a0\u00bb-16px\u00a0\u00bb box_shadow_color=\u00a0\u00bbrgba(0,0,0,0.5)\u00a0\u00bb global_colors_info=\u00a0\u00bb{}\u00a0\u00bb][\/et_pb_blog_extras][\/et_pb_column][\/et_pb_row][\/et_pb_section]<\/p>\n","protected":false},"excerpt":{"rendered":"","protected":false},"author":1,"featured_media":0,"parent":0,"menu_order":0,"comment_status":"closed","ping_status":"closed","template":"","meta":{"_et_pb_use_builder":"on","_et_pb_old_content":"","_et_gb_content_width":"","_monsterinsights_skip_tracking":false,"_monsterinsights_sitenote_active":false,"_monsterinsights_sitenote_note":"","_monsterinsights_sitenote_category":0,"footnotes":""},"class_list":["post-32008","page","type-page","status-publish","hentry"],"yoast_head":"<!-- This site is optimized with the Yoast SEO plugin v27.4 - https:\/\/yoast.com\/product\/yoast-seo-wordpress\/ -->\n<title>toute l&#039;actu de Prodezza - Prodezza<\/title>\n<meta name=\"robots\" content=\"index, follow, max-snippet:-1, max-image-preview:large, max-video-preview:-1\" \/>\n<link rel=\"canonical\" href=\"https:\/\/www.prodezza.fr\/lesite\/toute-lactu-de-prodezza\/\" \/>\n<meta property=\"og:locale\" content=\"fr_FR\" \/>\n<meta property=\"og:type\" content=\"article\" \/>\n<meta property=\"og:title\" content=\"toute l&#039;actu de Prodezza - Prodezza\" \/>\n<meta property=\"og:url\" content=\"https:\/\/www.prodezza.fr\/lesite\/toute-lactu-de-prodezza\/\" \/>\n<meta property=\"og:site_name\" content=\"Prodezza\" \/>\n<meta property=\"article:modified_time\" content=\"2021-10-18T15:24:46+00:00\" \/>\n<meta name=\"twitter:card\" content=\"summary_large_image\" \/>\n<meta name=\"twitter:label1\" content=\"Dur\u00e9e de lecture estim\u00e9e\" \/>\n\t<meta name=\"twitter:data1\" content=\"1 minute\" \/>\n<script type=\"application\/ld+json\" class=\"yoast-schema-graph\">{\"@context\":\"https:\\\/\\\/schema.org\",\"@graph\":[{\"@type\":\"WebPage\",\"@id\":\"https:\\\/\\\/www.prodezza.fr\\\/lesite\\\/toute-lactu-de-prodezza\\\/\",\"url\":\"https:\\\/\\\/www.prodezza.fr\\\/lesite\\\/toute-lactu-de-prodezza\\\/\",\"name\":\"toute l'actu de Prodezza - Prodezza\",\"isPartOf\":{\"@id\":\"https:\\\/\\\/www.prodezza.fr\\\/lesite\\\/#website\"},\"datePublished\":\"2021-09-14T12:26:53+00:00\",\"dateModified\":\"2021-10-18T15:24:46+00:00\",\"breadcrumb\":{\"@id\":\"https:\\\/\\\/www.prodezza.fr\\\/lesite\\\/toute-lactu-de-prodezza\\\/#breadcrumb\"},\"inLanguage\":\"fr-FR\",\"potentialAction\":[{\"@type\":\"ReadAction\",\"target\":[\"https:\\\/\\\/www.prodezza.fr\\\/lesite\\\/toute-lactu-de-prodezza\\\/\"]}]},{\"@type\":\"BreadcrumbList\",\"@id\":\"https:\\\/\\\/www.prodezza.fr\\\/lesite\\\/toute-lactu-de-prodezza\\\/#breadcrumb\",\"itemListElement\":[{\"@type\":\"ListItem\",\"position\":1,\"name\":\"Accueil\",\"item\":\"https:\\\/\\\/www.prodezza.fr\\\/lesite\\\/\"},{\"@type\":\"ListItem\",\"position\":2,\"name\":\"toute l&rsquo;actu de Prodezza\"}]},{\"@type\":\"WebSite\",\"@id\":\"https:\\\/\\\/www.prodezza.fr\\\/lesite\\\/#website\",\"url\":\"https:\\\/\\\/www.prodezza.fr\\\/lesite\\\/\",\"name\":\"Prodezza\",\"description\":\"Conception, fabrication, logistique &amp; r\u00e9gie \u00e9v\u00e9nementielle\",\"potentialAction\":[{\"@type\":\"SearchAction\",\"target\":{\"@type\":\"EntryPoint\",\"urlTemplate\":\"https:\\\/\\\/www.prodezza.fr\\\/lesite\\\/?s={search_term_string}\"},\"query-input\":{\"@type\":\"PropertyValueSpecification\",\"valueRequired\":true,\"valueName\":\"search_term_string\"}}],\"inLanguage\":\"fr-FR\"}]}<\/script>\n<!-- \/ Yoast SEO plugin. -->","yoast_head_json":{"title":"toute l'actu de Prodezza - Prodezza","robots":{"index":"index","follow":"follow","max-snippet":"max-snippet:-1","max-image-preview":"max-image-preview:large","max-video-preview":"max-video-preview:-1"},"canonical":"https:\/\/www.prodezza.fr\/lesite\/toute-lactu-de-prodezza\/","og_locale":"fr_FR","og_type":"article","og_title":"toute l'actu de Prodezza - Prodezza","og_url":"https:\/\/www.prodezza.fr\/lesite\/toute-lactu-de-prodezza\/","og_site_name":"Prodezza","article_modified_time":"2021-10-18T15:24:46+00:00","twitter_card":"summary_large_image","twitter_misc":{"Dur\u00e9e de lecture estim\u00e9e":"1 minute"},"schema":{"@context":"https:\/\/schema.org","@graph":[{"@type":"WebPage","@id":"https:\/\/www.prodezza.fr\/lesite\/toute-lactu-de-prodezza\/","url":"https:\/\/www.prodezza.fr\/lesite\/toute-lactu-de-prodezza\/","name":"toute l'actu de Prodezza - Prodezza","isPartOf":{"@id":"https:\/\/www.prodezza.fr\/lesite\/#website"},"datePublished":"2021-09-14T12:26:53+00:00","dateModified":"2021-10-18T15:24:46+00:00","breadcrumb":{"@id":"https:\/\/www.prodezza.fr\/lesite\/toute-lactu-de-prodezza\/#breadcrumb"},"inLanguage":"fr-FR","potentialAction":[{"@type":"ReadAction","target":["https:\/\/www.prodezza.fr\/lesite\/toute-lactu-de-prodezza\/"]}]},{"@type":"BreadcrumbList","@id":"https:\/\/www.prodezza.fr\/lesite\/toute-lactu-de-prodezza\/#breadcrumb","itemListElement":[{"@type":"ListItem","position":1,"name":"Accueil","item":"https:\/\/www.prodezza.fr\/lesite\/"},{"@type":"ListItem","position":2,"name":"toute l&rsquo;actu de Prodezza"}]},{"@type":"WebSite","@id":"https:\/\/www.prodezza.fr\/lesite\/#website","url":"https:\/\/www.prodezza.fr\/lesite\/","name":"Prodezza","description":"Conception, fabrication, logistique &amp; r\u00e9gie \u00e9v\u00e9nementielle","potentialAction":[{"@type":"SearchAction","target":{"@type":"EntryPoint","urlTemplate":"https:\/\/www.prodezza.fr\/lesite\/?s={search_term_string}"},"query-input":{"@type":"PropertyValueSpecification","valueRequired":true,"valueName":"search_term_string"}}],"inLanguage":"fr-FR"}]}},"_links":{"self":[{"href":"https:\/\/www.prodezza.fr\/lesite\/wp-json\/wp\/v2\/pages\/32008","targetHints":{"allow":["GET"]}}],"collection":[{"href":"https:\/\/www.prodezza.fr\/lesite\/wp-json\/wp\/v2\/pages"}],"about":[{"href":"https:\/\/www.prodezza.fr\/lesite\/wp-json\/wp\/v2\/types\/page"}],"author":[{"embeddable":true,"href":"https:\/\/www.prodezza.fr\/lesite\/wp-json\/wp\/v2\/users\/1"}],"replies":[{"embeddable":true,"href":"https:\/\/www.prodezza.fr\/lesite\/wp-json\/wp\/v2\/comments?post=32008"}],"version-history":[{"count":5,"href":"https:\/\/www.prodezza.fr\/lesite\/wp-json\/wp\/v2\/pages\/32008\/revisions"}],"predecessor-version":[{"id":32507,"href":"https:\/\/www.prodezza.fr\/lesite\/wp-json\/wp\/v2\/pages\/32008\/revisions\/32507"}],"wp:attachment":[{"href":"https:\/\/www.prodezza.fr\/lesite\/wp-json\/wp\/v2\/media?parent=32008"}],"curies":[{"name":"wp","href":"https:\/\/api.w.org\/{rel}","templated":true}]}}